 number?
True
Is 13697421949 a prime number?
False
Is 5462214739 prime?
False
Is 8159195659 a prime number?
True
Is 240709787 a composite number?
False
Is 48502638467 a composite number?
True
Is 16588499819 composite?
True
Is 415697021 a prime number?
True
Is 13793063483 a prime number?
False
Is 2945549921 prime?
False
Is 315090683 a prime number?
False
Is 13699012013 a prime number?
True
Is 5935537187 a composite number?
False
Is 3927893491 a composite number?
True
Is 434318627 prime?
True
Is 36865306067 prime?
True
Is 264626531 a prime number?
False
Is 15963882041 a composite number?
True
Is 663884349 composite?
True
Is 101317645223 a prime number?
False
Is 20246625199 a prime number?
False
Is 31806126347 prime?
False
Is 1080610177 a composite number?
False
Is 95661551 a prime number?
True
Is 1327985089 prime?
True
Is 130788992063 composite?
False
Is 439984037 a composite number?
True
Is 73662023423 prime?
True
Is 762416861 a prime number?
True
Is 4681682611 a composite number?
False
Is 3462513751 prime?
False
Is 6376481717 composite?
True
Is 181216465561 composite?
False
Is 37279739066 prime?
False
Is 105886513 composite?
False
Is 7677824543 composite?
True
Is 1775040419 a prime number?
True
Is 2626785409 composite?
True
Is 127029949 composite?
True
Is 1190420353 a composite number?
False
Is 15450217291 prime?
False
Is 477893503 a composite number?
False
Is 1963800379 composite?
False
Is 5214849149 a composite number?
False
Is 12766622257 composite?
False
Is 1446421567 composite?
True
Is 6033433361 prime?
True
Is 3265224427 prime?
True
Is 993037909 a composite number?
True
Is 32911587337 a prime number?
True
Is 1737108357 a prime number?
False
Is 1928843699 composite?
True
Is 4059998393 a composite number?
True
Is 212883544598 prime?
False
Is 25122588497 a prime number?
False
Is 44561201471 prime?
True
Is 15318194671 a prime number?
False
Is 12237917 prime?
True
Is 5206150277 a prime number?
True
Is 1818469139 prime?
False
Is 84678295771 a composite number?
True
Is 20063277347 a prime number?
True
Is 9529685357 composite?
False
Is 1661975137 composite?
False
Is 7931020739 a prime number?
True
Is 2738654141 a composite number?
False
Is 3322986335 a prime number?
False
Is 7985538421 a prime number?
False
Is 725696359 composite?
True
Is 1923720087 a prime number?
False
Is 6964211801 composite?
False
Is 2962468757 a composite number?
False
Is 3391735591 a prime number?
True
Is 161470693 composite?
False
Is 58449107 composite?
False
Is 3030858079 a prime number?
False
Is 69652307801 a composite number?
False
Is 952774187 prime?
True
Is 49396782187 a prime number?
False
Is 11573932043 prime?
True
Is 1234897999 composite?
False
Is 26629337429 a prime number?
False
Is 1452597283 prime?
False
Is 1639857133 prime?
True
Is 5263433193 prime?
False
Is 11975877393 composite?
True
Is 108389496409 composite?
True
Is 295520969 composite?
False
Is 13307639101 composite?
True
Is 105248489 composite?
False
Is 130641319 prime?
True
Is 16518586957 a prime number?
True
Is 743224297 a prime number?
True
Is 54542819 a composite number?
True
Is 1314576089 a composite number?
False
Is 3544596149 composite?
False
Is 1128968101 composite?
True
Is 7645415335 a composite number?
True
Is 6710798867 composite?
False
Is 30983274233 a composite number?
False
Is 58045183037 prime?
True
Is 4836491573 prime?
False
Is 319769118859 composite?
True
Is 50104023127 a prime number?
True
Is 79431953891 a composite number?
False
Is 11621044663 a composite number?
False
Is 3383878547 a composite number?
True
Is 2126518679 a prime number?
True
Is 31135178387 a prime number?
True
Is 1546714079 a prime number?
False
Is 197939546633 prime?
False
Is 9488228041 prime?
True
Is 28111269077 a prime number?
False
Is 8876013703 a prime number?
True
Is 3851009497 a prime number?
False
Is 3083107474 composite?
True
Is 1386238187 prime?
True
Is 4751110409 a prime number?
True
Is 74200659415 a composite number?
True
Is 2165641087 prime?
False
Is 1246421611 prime?
True
Is 683840219 composite?
False
Is 1052938613 a composite number?
False
Is 1398743813 prime?
True
Is 942822745 prime?
False
Is 3444408067 composite?
False
Is 20427536023 a prime number?
False
Is 1476449107 a prime number?
False
Is 4730228989 a composite number?
True
Is 32328405743 a composite number?
True
Is 6312460067 a prime number?
False
Is 24810045499 prime?
False
Is 1855154381 a composite number?
False
Is 1466993251 prime?
True
Is 4536843835 prime?
False
Is 4633128589 composite?
True
Is 5254473049 a prime number?
False
Is 6611904667 prime?
False
Is 1082041967 composite?
False
Is 3526227191 a composite number?
False
Is 247342747 a composite number?
False
Is 176049571 prime?
True
Is 354554987 composite?
False
Is 5804983223 a prime number?
False
Is 15299203 composite?
True
Is 1183489163 a prime number?
False
Is 1277118197 composite?
False
Is 43832676851 prime?
True
Is 627956607 composite?
True
Is 3012087053 composite?
False
Is 22539093911 composite?
False
Is 3584348497 a composite number?
True
Is 596235043 a prime number?
False
Is 6537949 composite?
True
Is 4426626077 prime?
True
Is 1199253919 composite?
False
Is 120759429199 a prime number?
True
Is 594172566877 composite?
False
Is 137812555333 a prime number?
False
Is 1116790529 composite?
False
Is 190998253 a composite number?
False
Is 166746187 composite?
False
Is 9905066543 prime?
True
Is 1397037613 prime?
True
Is 96292617173 composite?
False
Is 206036143 a prime number?
True
Is 4254049922 a prime number?
False
Is 22467976283 a composite number?
True
Is 11780813813 a prime number?
True
Is 15881721655 a prime number?
False
Is 7635315113 a prime number?
True
Is 59255547139 a prime number?
True
Is 2388807643 composite?
True
Is 2405778101 prime?
True
Is 1655020879 a composite number?
False
Is 812668771 composite?
True
Is 967938763 a prime number?
False
Is 2470969282 a prime number?
False
Is 73129605953 composite?
False
Is 1304636503 composite?
False
Is 285856367 composite?
True
Is 28512266201 a composite number?
False
Is 2165173817 a composite number?
False
Is 1472862023 a composite number?
False
Is 5491895291 prime?
True
Is 30312219389 composite?
False
Is 3280638623 composite?
False
Is 12439770262 prime?
False
Is 224097403 a prime number?
False
Is 157290449 composite?
True
Is 2705909317 composite?
False
Is 1912753109 prime?
False
Is 16883703427 a composite number?
False
Is 1081851763 prime?
False
Is 4091728687 a prime number?
True
Is 651587831 composite?
False
Is 10054001227 a composite number?
True
Is 40336415071 a prime number?
False
Is 460701389 prime?
False
Is 370967263 a composite number?
False
Is 7730979491 prime?
True
Is 2497834909 a composite number?
False
Is 2003674619 composite?
False
Is 748651 a prime number?
False
Is 4754823539 a composite number?
False
Is 2154707341 a prime number?
False
Is 3552347593 composite?
True
Is 2668512701 a prime number?
False
Is 276262471 composite?
False
Is 1248328831 a prime number?
True
Is 53630457697 prime?
True
Is 3322213513 a prime number?
True
Is 34620552542 prime?
False
Is 274300660609 composite?
True
Is 19247458147 a composite number?
True
Is 48884693659 a prime number?
False
Is 4762236463 a prime number?
False
Is 414597599 a prime number?
False
Is 23073904987 a prime number?
False
Is 1474800134 prime?
False
Is 72034327 a prime number?
True
Is 406670109 composite?
True
Is 639064313 composite?
False
Is 10761247067 a prime number?
False
Is 1537009961 prime?
True
Is 437253823 prime?
False
Is 11672603213 a prime number?
False
Is 13346830943 a composite number?
False
Is 901412543 a prime number?
False
Is 75419994833 composite?
True
Is 53821530227 a prime number?
False
Is 10329046631 composite?
True
Is 83058302051 prime?
True
Is 333012721 composite?
False
Is 11105977 a prime number?
False
Is 13772418269 composite?
False
Is 229100446897 a composite number?
True
Is 2924324239 composite?
False
Is 801538663 prime?
False
Is 5356370297 a composite number?
False
Is 13779738709 a prime number?
False
Is 800396959 prime?
False
Is 21761847043 a composite number?
True
Is 33716937593 prime?
False
Is 55948408277 prime?
False
Is 26828099899 a composite number?
True
Is 17760580781 a prime number?
True
Is 16701117833 a composite number?
True
Is 4459526849 